t the prime factors of w(l).
3, 5
Let i = -58 + 101. Let r = i + -36. Suppose r*g = 4*g + 42. What are the prime factors of g?
2, 7
Suppose 3*d - 702 = n - 0*n, -d = 5*n - 218. Suppose 5*p - 2*g - 1211 = 0, p - d = g + 4*g. List the prime factors of p.
3
Let g = 6938 + -5678. List the prime factors of g.
2, 3, 5, 7
Suppose 30*w - 47*w + 129285 = 0. What are the prime factors of w?
3, 5, 13
What are the prime factors of 35/(2 - 7) + 2089 + -6?
2, 3, 173
Let w = -27 + 42. Suppose 5*q + 0*q = w. Suppose -q*k - 3*k + 486 = 0. List the prime factors of k.
3
Let q = -613 + 616. Suppose v + q*g = 59, 107 = 3*v - g - 4*g. What are the prime factors of v?
2, 11
Let z(l) = -13*l + 7. Let b be z(-5). Let x be (7 + 1)*6/(b/(-30)). Let c(y) = -y - 12. What are the prime factors of c(x)?
2
Let m(r) = -r**2 - r - 1. Let s(y) = 28*y**2 + 8*y + 7. Let z(j) = -5*m(j) + s(j). What are the prime factors of z(-1)?
2
Let p(z) = -29*z - 19. Let b = -20 - 1. Let v be p(b). Suppose -7*r = -v + 107. What are the prime factors of r?
3, 23
Let x be (5 - 28/5) + (-234)/10. Let m be ((260/x)/(-13))/(3/18). Suppose 2*j + 3 = -3, 2*j = -m*k + 369. What are the prime factors of k?
3, 5
Suppose 4*c + 7514 = -3*j + 21644, 0 = 2*j + 3*c - 9419. List the prime factors of j.
2, 2357
What are the prime factors of (6996/10)/(-13 + (-10448)/(-800))?
2, 5, 11, 53
Let h(d) = -14*d + 21*d**2 + 3*d - 11*d**2 + 5 - 9*d**2. Let w be h(8). Let x = 33 + w. What are the prime factors of x?
2, 7
Let t(o) be the third derivative of -o**9/30240 + o**7/1680 - o**5/6 - 7*o**2. Let w(x) be the third derivative of t(x). List the prime factors of w(-3).
3, 5
Let s = -5188 + 3691. List the prime factors of 12/8 + s/(-6).
251
Suppose -22954 = 57*c - 80*c. What are the prime factors of c?
2, 499
Let m(b) = -b**3 + 12*b**2 + 11*b + 48. Let u be m(13). List the prime factors of 79*u - (-14 - 182/(-14)).
37, 47
Suppose 5*h + 4*l - 14 = 0, 4*h + l - 2 = 7. Suppose -4*o = h*o - 24. Suppose o*i - 3*s - 285 = 113, 3*s = i - 95. What are the prime factors of i?
101
Let f(h) be the second derivative of h**4/12 + 7*h**3/3 - 2*h**2 - 21*h. Let q be f(-17). Suppose -n + q = -57. List the prime factors of n.
2, 13
Suppose -18*m + 12*m = -30. Suppose -z - 1892 = -5*z - m*t, -5*z + 2360 = 5*t. What are the prime factors of z?
2, 3, 13
Suppose -4*c = -12, 20*w - 19*w = -c - 160. Suppose 0 = -g - 146 - 115. Let f = w - g. List the prime factors of f.
2, 7
Let j be (-4)/3*(-3)/4. Suppose 0 = -a - j, -680 - 185 = -5*s + 5*a. Let c = -84 + s. What are the prime factors of c?
2, 11
Let l(p) = 4*p**3 - 24*p**2 + 4*p + 156. List the prime factors of l(16).
2, 5, 523
List the prime factors of ((-344650)/(-854))/((-2)/(-14)).
5, 113
Let x be -4 - ((16 - 2 - (15 - 8)) + -25). Let z be 2/3 + 22/(-6). What are the prime factors of (79/z)/(x/(-42))?
79
Suppose -77*m - 60 = -81*m. Suppose 0 = 4*w + m*w - 11438. What are the prime factors of w?
2, 7, 43
List the prime factors of 8 + -21 + (-125477)/(-11).
2, 3, 211
Let h = 65 + -60. Let k(b) = -4 - h*b + 13*b + 17*b - 10*b. What are the prime factors of k(4)?
2, 7
Let n(c) = 2*c + 5. Let v be n(0). Suppose o - 1910 = i - v*i, 0 = 4*i - 4*o - 1900. What are the prime factors of i?
3, 53
Suppose -6*k = -4*k - 6. Suppose g + 25 = k*y - 59, -2*y + g = -57. Let x = 23 + y. List the prime factors of x.
2, 5
Suppose 3 = 13*b + 13315. Let i = -703 - b. What are the prime factors of i?
3, 107
Suppose 4*s = 12, 3*q + s - 13026 = 3258. List the prime factors of q.
3, 67
Let u(q) = -q - 1. Let z(l) = l**3 + 3*l - 4. Let f be (-6)/(-4) - (-3)/(-6). Let v(r) = f*z(r) - 2*u(r). What are the prime factors of v(2)?
2
Let h be (-18 + 22)*(0 + 3/4). Let j = -19 + 19. Suppose 3*a + t - 591 = j, -2*a + h*t - 112 = -495. What are the prime factors of a?
2, 7
Let s = -1044 + 2168. Suppose 21*o = 17*o + s. List the prime factors of o.
281
Suppose 0 = 4*z + 4*x - 37576, 38*z - 51*z - x + 122182 = 0. What are the prime factors of z?
3, 13, 241
Let b = -63 - -66. Suppose 8*r - b*r + 890 = 0. What are the prime factors of (r/4)/((-14)/56)?
2, 89
Let p = -21 - -33. Let f be 3*(-2 - 568/p). List the prime factors of (-8 + 6)/(2/f).
2, 37
Suppose 5*a = 2*m + 34 - 4, -3*a + 32 = -4*m. Suppose -3*c + 4839 = -a*p, -4*c = -2*c - 2*p - 3224. List the prime factors of c.
1609
Let y(j) be the second derivative of -1/6*j**3 - 1/2*j**2 + 5/12*j**4 + 0 - 19*j. List the prime factors of y(2).
17
Let p(b) = -b**2 - 19*b - 74. Let c be p(-6). Suppose 2941 = 5*k + c*t, 929 + 2019 = 5*k - 3*t. What are the prime factors of k?
19, 31
Suppose 12662 = 20*r - 2378. Let h = 1094 - r. What are the prime factors of h?
2, 3, 19
Suppose 3*j - 71 = 34. Let t be 6/(-10) + 21/j. Suppose t = 11*n - 906 - 722. List the prime factors of n.
2, 37
Let z(f) = 370*f - 19 - 776*f + 335*f. List the prime factors of z(-6).
11, 37
Suppose -k + 4*x + 11873 = 0, 2*k = -x + 20476 + 3234. What are the prime factors of k?
71, 167
Suppose 20*f + 5 = 525. Let m = 5 - 2. Suppose -m*t = -5*l - 207, f = t - l - 41. List the prime factors of t.
2
Suppose 3*a = 36 + 18. Let z be (45/(-2))/((-1)/((-96)/a)). What are the prime factors of -1 + z/(-4) - 1?
2, 7
Suppose 70*h - 52*h - 124067 = 51073. List the prime factors of h.
2, 5, 7, 139
Let p be 6 + (1620 - (-1 + 1)). List the prime factors of (p/4)/((-141)/(-376)).
2, 271
Suppose 5*a - 5*m - 14550 = 0, -2747 = -5*a + 2*m + 11803. Suppose 29*z = -z + a. List the prime factors of z.
97
Let c be (5 - 3)*(-21)/14*-1. Suppose -c*m + 3687 = -2451. List the prime factors of m.
2, 3, 11, 31
Suppose -17*w - 125 + 720 = 0. List the prime factors of 15/w - 8916/(-21).
5, 17
Suppose 8787 = n + 2*u - 22831, -4*n = 4*u - 126472. List the prime factors of n.
2, 15809
Suppose -3*y + 0 = -6. Let u be 3/2*y - 121. Let f = -83 - u. List the prime factors of f.
5, 7
Suppose -2*a = 2*w - 147380, -113866 - 33508 = -2*a - w. What are the prime factors of a?
2, 13, 109
Let b be (-872)/(-6) + 2/3. Suppose 5*g + 3*o - 11 = 0, -4*g - 7*o + 3*o = -4. What are the prime factors of (-4 + 10)/(g/b)?
3, 73
Suppose 21 + 35 = 2*s. Let p be (-536)/(-14) + (-8)/s. Let z = 53 - p. What are the prime factors of z?
3, 5
Suppose -17*y - 54*y + 726082 = -9*y. What are the prime factors of y?
7, 239
Let m(a) = -a**3 - 2*a**2 - a. Let d be m(-7). Suppose 0 = -33*c + 29*c - d. Let q = 152 + c. List the prime factors of q.
89
Let x(m) = -m - 2. Let w(y) = 18*y - 79. Let a(c) = -w(c) - 4*x(c). What are the prime factors of a(-5)?
157
Let p(j) = j**3 - 7*j**2 - 17*j - 5. Let i be p(9). Let w = i + 17. Let z(v) = -2*v**2 + 46*v + 22. What are the prime factors of z(w)?
2, 53
Let m(z) = 2*z**2 - 2*z - 54. Let s be m(-11). Let p be (1 + -116)*(0 + 1). Let k = s + p. List the prime factors of k.
5, 19
Let n(y) = -3*y - 13. Let a be n(-5). Suppose -a*u + 730 = -7*w + 3*w, 0 = 5*u + w - 1836. What are the prime factors of u?
367
Let m = 8644 + 102. List the prime factors of m.
2, 4373
Let h = 1 - -2. Let m = 27 - h. List the prime factors of m/(-84) + (-366)/(-7).
2, 13
Suppose 3*n - 5*a = 78832, -n + 41*a - 39*a = -26277. What are the prime factors of n?
11, 2389
Let s be (9 - 17)/32 + 670/(-8). List the prime factors of s/18*1065/(-10).
7, 71
Let t = -7454 + 15688. List the prime factors of t.
2, 23, 179
Let v = -156 - -160. Suppose v*n - 7*h + 9*h = 1128, -1380 = -5*n + 5*h. List the prime factors of n.
2, 5, 7
Let i be (-1468)/3 + (-8)/(-24). Let p = 705 + i. List the prime factors of p.
2, 3
Let a(f) = 327*f**2 + 34*f - 35. Let i be 0 + 3 + -1 - (-18)/(-18). What are the prime factors of a(i)?
2, 163
Suppose 21*p = -8*p + 89958. List the prime factors of p.
2, 3, 11, 47
Let d = 813 - 82. Suppose -7*o + 6100 - d = 0. What are the prime factors of o?
13, 59
Let f = 102282 + -8961. What are the prime factors of f?
3, 10369
Let h = 193 - 190. Suppose -946 - 158 = -h*q. What are the prime factors of q?
2, 23
Suppose -347*o + 9 = -344*o. Suppose 8*d - 4026 = 3*d - 3*v, -3219 = -4*d - o*v. What are the prime factors of d?
3, 269
List the prime factors of (7 + -5)/(4/14326) + 184/(-46).
7159
Suppose -18*x = -151 - 389. Suppose x*a - 35*a + 1635 = 0. List the prime factors of a.
3, 109
Let u(g) = -g**3 - 3*g + 8. Let r be u(6). Let y = 423 + r. List the prime fact